{"id":5,"date":"2016-02-03T18:29:18","date_gmt":"2016-02-03T17:29:18","guid":{"rendered":"https:\/\/www.poussedeterre.fr\/bilanetcie\/?page_id=5"},"modified":"2016-02-03T18:31:34","modified_gmt":"2016-02-03T17:31:34","slug":"presentation-2","status":"publish","type":"page","link":"https:\/\/www.poussedeterre.fr\/bilanetcie\/presentation-2\/","title":{"rendered":"Pr\u00e9sentation"},"content":{"rendered":"<p>Bilan &amp; Cie est cr\u00e9\u00e9 par Dominique Peyre, arriv\u00e9e fin 2013 dans le Morvan pour travailler au CFPPA du Morvan.<\/p>\n<p>Venant d&rsquo;une r\u00e9gion o\u00f9 les nouvelles installations \u00ab\u00a0atypiques\u00a0\u00bb, en agriculture paysanne, diversifi\u00e9es, sur des petites fermes, en circuit court&#8230; sont visibles, elle s&rsquo;est un peu trouv\u00e9e en manque : de bons produits alimentaires, de r\u00e9seau paysan&#8230; Dans le m\u00eame temps, elle a rencontr\u00e9 des jeunes ou moins jeunes, en BPREA ou en CS Bio, souvent en projet d&rsquo;installation dans le Morvan.<\/p>\n<p>D&rsquo;o\u00f9 l&rsquo;id\u00e9e et la proposition d&rsquo;accompagner ces installations, de soutenir le d\u00e9veloppement de circuits courts, de d\u00e9velopper des r\u00e9seaux solidaires&#8230; Et tout doucement l&rsquo;essai de mettre en pratique.<\/p>\n<p>D&rsquo;une part, en cr\u00e9ant une activit\u00e9 d&rsquo;auto-entrepreneur en septembre 2014.<br \/>\nD&rsquo;autre part, en cr\u00e9ant ce blog et une liste de diffusion pour faire circuler l&rsquo;information, informations g\u00e9n\u00e9rales sur l&rsquo;agriculture, informations locales, actualit\u00e9s&#8230;<\/p>\n<p>Avec le souhait que tout cela devienne de plus en plus collectif.<\/p>\n","protected":false},"excerpt":{"rendered":"<p>Bilan &amp; Cie est cr\u00e9\u00e9 par Dominique Peyre, arriv\u00e9e fin 2013 dans le Morvan pour travailler au CFPPA du Morvan. Venant d&rsquo;une r\u00e9gion o\u00f9 les nouvelles installations \u00ab\u00a0atypiques\u00a0\u00bb, en agriculture paysanne, diversifi\u00e9es, sur des petites fermes, en circuit court&#8230; sont visibles, elle s&rsquo;est un peu trouv\u00e9e en manque : de bons produits alimentaires, de r\u00e9seau [&hellip;]<\/p>\n","protected":false},"author":1,"featured_media":0,"parent":0,"menu_order":0,"comment_status":"open","ping_status":"open","template":"","meta":[],"_links":{"self":[{"href":"https:\/\/www.poussedeterre.fr\/bilanetcie\/wp-json\/wp\/v2\/pages\/5"}],"collection":[{"href":"https:\/\/www.poussedeterre.fr\/bilanetcie\/wp-json\/wp\/v2\/pages"}],"about":[{"href":"https:\/\/www.poussedeterre.fr\/bilanetcie\/wp-json\/wp\/v2\/types\/page"}],"author":[{"embeddable":true,"href":"https:\/\/www.poussedeterre.fr\/bilanetcie\/wp-json\/wp\/v2\/users\/1"}],"replies":[{"embeddable":true,"href":"https:\/\/www.poussedeterre.fr\/bilanetcie\/wp-json\/wp\/v2\/comments?post=5"}],"version-history":[{"count":2,"href":"https:\/\/www.poussedeterre.fr\/bilanetcie\/wp-json\/wp\/v2\/pages\/5\/revisions"}],"predecessor-version":[{"id":7,"href":"https:\/\/www.poussedeterre.fr\/bilanetcie\/wp-json\/wp\/v2\/pages\/5\/revisions\/7"}],"wp:attachment":[{"href":"https:\/\/www.poussedeterre.fr\/bilanetcie\/wp-json\/wp\/v2\/media?parent=5"}],"curies":[{"name":"wp","href":"https:\/\/api.w.org\/{rel}","templated":true}]}}